{"id":378,"date":"2025-01-08T16:14:31","date_gmt":"2025-01-08T15:14:31","guid":{"rendered":"https:\/\/tonrayondesoleil.com\/?page_id=378"},"modified":"2025-01-12T15:28:14","modified_gmt":"2025-01-12T14:28:14","slug":"devenir-membre","status":"publish","type":"page","link":"https:\/\/tonrayondesoleil.com\/?page_id=378","title":{"rendered":"Devenir membre"},"content":{"rendered":"<div data-colibri-id=\"378-c1\" class=\"style-722 style-local-378-c1 position-relative\">\n  <!---->\n  <div data-colibri-component=\"section\" data-colibri-id=\"378-c2\" id=\"custom\" class=\"h-section h-section-global-spacing d-flex align-items-lg-center align-items-md-center align-items-center style-723 style-local-378-c2 position-relative\">\n    <!---->\n    <!---->\n    <div class=\"h-section-grid-container h-section-boxed-container\">\n      <!---->\n      <div data-colibri-id=\"378-c3\" class=\"h-row-container gutters-row-lg-2 gutters-row-md-2 gutters-row-0 gutters-row-v-lg-2 gutters-row-v-md-2 gutters-row-v-2 style-724 style-local-378-c3 position-relative\">\n        <!---->\n        <div class=\"h-row justify-content-lg-center justify-content-md-center justify-content-center align-items-lg-stretch align-items-md-stretch align-items-stretch gutters-col-lg-2 gutters-col-md-2 gutters-col-0 gutters-col-v-lg-2 gutters-col-v-md-2 gutters-col-v-2\">\n          <!---->\n          <div class=\"h-column h-column-container d-flex h-col-lg-auto h-col-md-auto h-col-auto style-725-outer style-local-378-c4-outer\">\n            <div data-colibri-id=\"378-c4\" class=\"d-flex h-flex-basis h-column__inner h-px-lg-2 h-px-md-2 h-px-2 v-inner-lg-2 v-inner-md-2 v-inner-2 style-725 style-local-378-c4 position-relative\">\n              <!---->\n              <!---->\n              <div class=\"w-100 h-y-container h-column__content h-column__v-align flex-basis-100 align-self-lg-start align-self-md-start align-self-start\">\n                <!---->\n                <div data-colibri-id=\"378-c11\" class=\"d-block style-732 style-local-378-c11 position-relative h-element\">\n                  <!---->\n                  <div class=\"h-image__frame-container-outer\">\n                    <div class=\"h-image__frame-container\">\n                      <!---->\n                      <!---->\n                      <img decoding=\"async\" width=\"1280\" height=\"1279\" src=\"https:\/\/tonrayondesoleil.com\/wp-content\/uploads\/2025\/01\/colibri-image-129.png\" class=\"wp-image-121 style-732-image style-local-378-c11-image\" alt=\"\" srcset=\"https:\/\/tonrayondesoleil.com\/wp-content\/uploads\/2025\/01\/colibri-image-129.png 1280w, https:\/\/tonrayondesoleil.com\/wp-content\/uploads\/2025\/01\/colibri-image-129-300x300.png 300w, https:\/\/tonrayondesoleil.com\/wp-content\/uploads\/2025\/01\/colibri-image-129-1024x1024.png 1024w, https:\/\/tonrayondesoleil.com\/wp-content\/uploads\/2025\/01\/colibri-image-129-150x150.png 150w, https:\/\/tonrayondesoleil.com\/wp-content\/uploads\/2025\/01\/colibri-image-129-768x767.png 768w\" sizes=\"(max-width: 1280px) 100vw, 1280px\" \/>\n                      <div class=\"h-image__frame h-hide-lg h-hide-md h-hide-sm style-732-frameImage style-local-378-c11-frameImage\"><\/div>\n                    <\/div>\n                  <\/div>\n                <\/div>\n              <\/div>\n            <\/div>\n          <\/div>\n          <div class=\"h-column h-column-container d-flex h-col-lg-auto h-col-md-auto h-col-auto style-726-outer style-local-378-c5-outer\">\n            <div data-colibri-id=\"378-c5\" class=\"d-flex h-flex-basis h-column__inner h-px-lg-2 h-px-md-2 h-px-2 v-inner-lg-2 v-inner-md-2 v-inner-2 style-726 style-local-378-c5 position-relative\">\n              <!---->\n              <!---->\n              <div class=\"w-100 h-y-container h-column__content h-column__v-align flex-basis-100 align-self-lg-start align-self-md-start align-self-start\">\n                <!---->\n                <div data-colibri-id=\"378-c6\" class=\"h-text h-text-component style-727 style-local-378-c6 position-relative h-element\">\n                  <!---->\n                  <!---->\n                  <div class=\"\">\n                    <p>Dans toutes nos actions, la convivialit\u00e9 et la bonne humeur sont au rendez-vous.\n                      <br>Nous ne pourrions pas agir sans nos b\u00e9n\u00e9voles.<\/p>\n                    <p>Si vous \u00eates une personne motiv\u00e9e, pr\u00eate \u00e0 mettre \u00e0 disposition :<\/p>\n                    <ul>\n                      <li>vos bras pour charger et d\u00e9charger nos livraisons<\/li>\n                      <li>votre sourire pour accueillir nos b\u00e9n\u00e9ficiaires<\/li>\n                      <li>toute expertise (juridique, comptable, administrative\u2026) pouvant aider au d\u00e9veloppement de notre association<\/li>\n                    <\/ul>\n                    <p><span style=\"font-weight: 400;\">Venez rejoindre notre \u00e9quipe, ou demandez nous plus d\u2019informations.<\/span><\/p>\n                    <p>\n                      <br>\n                    <\/p>\n                  <\/div>\n                <\/div>\n                <div data-colibri-id=\"378-c9\" class=\"h-x-container style-730 style-local-378-c9 position-relative h-element\">\n                  <!---->\n                  <div class=\"h-x-container-inner style-dynamic-378-c9-group style-730-spacing style-local-378-c9-spacing\"><span class=\"h-button__outer style-731-outer style-local-378-c10-outer d-inline-flex h-element\"><a h-use-smooth-scroll=\"true\" href=\"\"  data-colibri-id=\"378-c10\" class=\"d-flex w-100 align-items-center h-button justify-content-lg-center justify-content-md-center justify-content-center style-731 style-local-378-c10 position-relative\"><!----><!----> <span>Devenir b\u00e9n\u00e9vole<\/span><\/a>\n                    <\/span>\n                  <\/div>\n                <\/div>\n              <\/div>\n            <\/div>\n          <\/div>\n        <\/div>\n      <\/div>\n    <\/div>\n  <\/div>\n<\/div>","protected":false},"excerpt":{"rendered":"<p>Dans toutes nos actions, la convivialit\u00e9 et la bonne humeur sont au rendez-vous. Nous ne pourrions pas agir sans nos b\u00e9n\u00e9voles. Si vous \u00eates une personne motiv\u00e9e, pr\u00eate \u00e0 mettre \u00e0 disposition : vos bras pour charger et d\u00e9charger nos livraisons votre sourire pour accueillir nos b\u00e9n\u00e9ficiaires toute expertise (juridique, comptable, administrative\u2026) pouvant aider au [&hellip;]<\/p>\n","protected":false},"author":1,"featured_media":0,"parent":77,"menu_order":0,"comment_status":"closed","ping_status":"closed","template":"page-templates\/full-width-page.php","meta":{"footnotes":""},"class_list":["post-378","page","type-page","status-publish","hentry"],"yoast_head":"<!-- This site is optimized with the Yoast SEO plugin v24.1 - https:\/\/yoast.com\/wordpress\/plugins\/seo\/ -->\n<title>Devenir membre - Association Ton Rayon de Soleil<\/title>\n<meta name=\"robots\" content=\"index, follow, max-snippet:-1, max-image-preview:large, max-video-preview:-1\" \/>\n<link rel=\"canonical\" href=\"https:\/\/seagreen-chimpanzee-806401.hostingersite.com\/?page_id=378\" \/>\n<meta property=\"og:locale\" content=\"en_US\" \/>\n<meta property=\"og:type\" content=\"article\" \/>\n<meta property=\"og:title\" content=\"Devenir membre - Association Ton Rayon de Soleil\" \/>\n<meta property=\"og:description\" content=\"Dans toutes nos actions, la convivialit\u00e9 et la bonne humeur sont au rendez-vous. Nous ne pourrions pas agir sans nos b\u00e9n\u00e9voles. Si vous \u00eates une personne motiv\u00e9e, pr\u00eate \u00e0 mettre \u00e0 disposition : vos bras pour charger et d\u00e9charger nos livraisons votre sourire pour accueillir nos b\u00e9n\u00e9ficiaires toute expertise (juridique, comptable, administrative\u2026) pouvant aider au [&hellip;]\" \/>\n<meta property=\"og:url\" content=\"https:\/\/seagreen-chimpanzee-806401.hostingersite.com\/?page_id=378\" \/>\n<meta property=\"og:site_name\" content=\"Association Ton Rayon de Soleil\" \/>\n<meta property=\"article:modified_time\" content=\"2025-01-12T14:28:14+00:00\" \/>\n<meta property=\"og:image\" content=\"https:\/\/tonrayondesoleil.com\/wp-content\/uploads\/2025\/01\/colibri-image-129.png\" \/>\n<meta name=\"twitter:card\" content=\"summary_large_image\" \/>\n<script type=\"application\/ld+json\" class=\"yoast-schema-graph\">{\"@context\":\"https:\/\/schema.org\",\"@graph\":[{\"@type\":\"WebPage\",\"@id\":\"https:\/\/seagreen-chimpanzee-806401.hostingersite.com\/?page_id=378\",\"url\":\"https:\/\/seagreen-chimpanzee-806401.hostingersite.com\/?page_id=378\",\"name\":\"Devenir membre - Association Ton Rayon de Soleil\",\"isPartOf\":{\"@id\":\"https:\/\/seagreen-chimpanzee-806401.hostingersite.com\/#website\"},\"primaryImageOfPage\":{\"@id\":\"https:\/\/seagreen-chimpanzee-806401.hostingersite.com\/?page_id=378#primaryimage\"},\"image\":{\"@id\":\"https:\/\/seagreen-chimpanzee-806401.hostingersite.com\/?page_id=378#primaryimage\"},\"thumbnailUrl\":\"https:\/\/tonrayondesoleil.com\/wp-content\/uploads\/2025\/01\/colibri-image-129.png\",\"datePublished\":\"2025-01-08T15:14:31+00:00\",\"dateModified\":\"2025-01-12T14:28:14+00:00\",\"breadcrumb\":{\"@id\":\"https:\/\/seagreen-chimpanzee-806401.hostingersite.com\/?page_id=378#breadcrumb\"},\"inLanguage\":\"en-US\",\"potentialAction\":[{\"@type\":\"ReadAction\",\"target\":[\"https:\/\/seagreen-chimpanzee-806401.hostingersite.com\/?page_id=378\"]}]},{\"@type\":\"ImageObject\",\"inLanguage\":\"en-US\",\"@id\":\"https:\/\/seagreen-chimpanzee-806401.hostingersite.com\/?page_id=378#primaryimage\",\"url\":\"https:\/\/tonrayondesoleil.com\/wp-content\/uploads\/2025\/01\/colibri-image-129.png\",\"contentUrl\":\"https:\/\/tonrayondesoleil.com\/wp-content\/uploads\/2025\/01\/colibri-image-129.png\",\"width\":1280,\"height\":1279},{\"@type\":\"BreadcrumbList\",\"@id\":\"https:\/\/seagreen-chimpanzee-806401.hostingersite.com\/?page_id=378#breadcrumb\",\"itemListElement\":[{\"@type\":\"ListItem\",\"position\":1,\"name\":\"Home\",\"item\":\"https:\/\/seagreen-chimpanzee-806401.hostingersite.com\/\"},{\"@type\":\"ListItem\",\"position\":2,\"name\":\"Agir avec nous\",\"item\":\"https:\/\/seagreen-chimpanzee-806401.hostingersite.com\/?page_id=77\"},{\"@type\":\"ListItem\",\"position\":3,\"name\":\"Devenir membre\"}]},{\"@type\":\"WebSite\",\"@id\":\"https:\/\/seagreen-chimpanzee-806401.hostingersite.com\/#website\",\"url\":\"https:\/\/seagreen-chimpanzee-806401.hostingersite.com\/\",\"name\":\"Association Ton Rayon de Soleil\",\"description\":\"Mettons du soleil dans leur vie !\",\"publisher\":{\"@id\":\"https:\/\/seagreen-chimpanzee-806401.hostingersite.com\/#organization\"},\"potentialAction\":[{\"@type\":\"SearchAction\",\"target\":{\"@type\":\"EntryPoint\",\"urlTemplate\":\"https:\/\/seagreen-chimpanzee-806401.hostingersite.com\/?s={search_term_string}\"},\"query-input\":{\"@type\":\"PropertyValueSpecification\",\"valueRequired\":true,\"valueName\":\"search_term_string\"}}],\"inLanguage\":\"en-US\"},{\"@type\":\"Organization\",\"@id\":\"https:\/\/seagreen-chimpanzee-806401.hostingersite.com\/#organization\",\"name\":\"Association Ton Rayon de Soleil\",\"url\":\"https:\/\/seagreen-chimpanzee-806401.hostingersite.com\/\",\"logo\":{\"@type\":\"ImageObject\",\"inLanguage\":\"en-US\",\"@id\":\"https:\/\/seagreen-chimpanzee-806401.hostingersite.com\/#\/schema\/logo\/image\/\",\"url\":\"https:\/\/tonrayondesoleil.com\/wp-content\/uploads\/2025\/01\/cropped-Sunrise-beach-logo-sun-wave-logo-design-template.png\",\"contentUrl\":\"https:\/\/tonrayondesoleil.com\/wp-content\/uploads\/2025\/01\/cropped-Sunrise-beach-logo-sun-wave-logo-design-template.png\",\"width\":500,\"height\":233,\"caption\":\"Association Ton Rayon de Soleil\"},\"image\":{\"@id\":\"https:\/\/seagreen-chimpanzee-806401.hostingersite.com\/#\/schema\/logo\/image\/\"}}]}<\/script>\n<!-- \/ Yoast SEO plugin. -->","yoast_head_json":{"title":"Devenir membre - Association Ton Rayon de Soleil","robots":{"index":"index","follow":"follow","max-snippet":"max-snippet:-1","max-image-preview":"max-image-preview:large","max-video-preview":"max-video-preview:-1"},"canonical":"https:\/\/seagreen-chimpanzee-806401.hostingersite.com\/?page_id=378","og_locale":"en_US","og_type":"article","og_title":"Devenir membre - Association Ton Rayon de Soleil","og_description":"Dans toutes nos actions, la convivialit\u00e9 et la bonne humeur sont au rendez-vous. Nous ne pourrions pas agir sans nos b\u00e9n\u00e9voles. Si vous \u00eates une personne motiv\u00e9e, pr\u00eate \u00e0 mettre \u00e0 disposition : vos bras pour charger et d\u00e9charger nos livraisons votre sourire pour accueillir nos b\u00e9n\u00e9ficiaires toute expertise (juridique, comptable, administrative\u2026) pouvant aider au [&hellip;]","og_url":"https:\/\/seagreen-chimpanzee-806401.hostingersite.com\/?page_id=378","og_site_name":"Association Ton Rayon de Soleil","article_modified_time":"2025-01-12T14:28:14+00:00","og_image":[{"url":"https:\/\/tonrayondesoleil.com\/wp-content\/uploads\/2025\/01\/colibri-image-129.png","type":"","width":"","height":""}],"twitter_card":"summary_large_image","schema":{"@context":"https:\/\/schema.org","@graph":[{"@type":"WebPage","@id":"https:\/\/seagreen-chimpanzee-806401.hostingersite.com\/?page_id=378","url":"https:\/\/seagreen-chimpanzee-806401.hostingersite.com\/?page_id=378","name":"Devenir membre - Association Ton Rayon de Soleil","isPartOf":{"@id":"https:\/\/seagreen-chimpanzee-806401.hostingersite.com\/#website"},"primaryImageOfPage":{"@id":"https:\/\/seagreen-chimpanzee-806401.hostingersite.com\/?page_id=378#primaryimage"},"image":{"@id":"https:\/\/seagreen-chimpanzee-806401.hostingersite.com\/?page_id=378#primaryimage"},"thumbnailUrl":"https:\/\/tonrayondesoleil.com\/wp-content\/uploads\/2025\/01\/colibri-image-129.png","datePublished":"2025-01-08T15:14:31+00:00","dateModified":"2025-01-12T14:28:14+00:00","breadcrumb":{"@id":"https:\/\/seagreen-chimpanzee-806401.hostingersite.com\/?page_id=378#breadcrumb"},"inLanguage":"en-US","potentialAction":[{"@type":"ReadAction","target":["https:\/\/seagreen-chimpanzee-806401.hostingersite.com\/?page_id=378"]}]},{"@type":"ImageObject","inLanguage":"en-US","@id":"https:\/\/seagreen-chimpanzee-806401.hostingersite.com\/?page_id=378#primaryimage","url":"https:\/\/tonrayondesoleil.com\/wp-content\/uploads\/2025\/01\/colibri-image-129.png","contentUrl":"https:\/\/tonrayondesoleil.com\/wp-content\/uploads\/2025\/01\/colibri-image-129.png","width":1280,"height":1279},{"@type":"BreadcrumbList","@id":"https:\/\/seagreen-chimpanzee-806401.hostingersite.com\/?page_id=378#breadcrumb","itemListElement":[{"@type":"ListItem","position":1,"name":"Home","item":"https:\/\/seagreen-chimpanzee-806401.hostingersite.com\/"},{"@type":"ListItem","position":2,"name":"Agir avec nous","item":"https:\/\/seagreen-chimpanzee-806401.hostingersite.com\/?page_id=77"},{"@type":"ListItem","position":3,"name":"Devenir membre"}]},{"@type":"WebSite","@id":"https:\/\/seagreen-chimpanzee-806401.hostingersite.com\/#website","url":"https:\/\/seagreen-chimpanzee-806401.hostingersite.com\/","name":"Association Ton Rayon de Soleil","description":"Mettons du soleil dans leur vie !","publisher":{"@id":"https:\/\/seagreen-chimpanzee-806401.hostingersite.com\/#organization"},"potentialAction":[{"@type":"SearchAction","target":{"@type":"EntryPoint","urlTemplate":"https:\/\/seagreen-chimpanzee-806401.hostingersite.com\/?s={search_term_string}"},"query-input":{"@type":"PropertyValueSpecification","valueRequired":true,"valueName":"search_term_string"}}],"inLanguage":"en-US"},{"@type":"Organization","@id":"https:\/\/seagreen-chimpanzee-806401.hostingersite.com\/#organization","name":"Association Ton Rayon de Soleil","url":"https:\/\/seagreen-chimpanzee-806401.hostingersite.com\/","logo":{"@type":"ImageObject","inLanguage":"en-US","@id":"https:\/\/seagreen-chimpanzee-806401.hostingersite.com\/#\/schema\/logo\/image\/","url":"https:\/\/tonrayondesoleil.com\/wp-content\/uploads\/2025\/01\/cropped-Sunrise-beach-logo-sun-wave-logo-design-template.png","contentUrl":"https:\/\/tonrayondesoleil.com\/wp-content\/uploads\/2025\/01\/cropped-Sunrise-beach-logo-sun-wave-logo-design-template.png","width":500,"height":233,"caption":"Association Ton Rayon de Soleil"},"image":{"@id":"https:\/\/seagreen-chimpanzee-806401.hostingersite.com\/#\/schema\/logo\/image\/"}}]}},"_links":{"self":[{"href":"https:\/\/tonrayondesoleil.com\/index.php?rest_route=\/wp\/v2\/pages\/378","targetHints":{"allow":["GET"]}}],"collection":[{"href":"https:\/\/tonrayondesoleil.com\/index.php?rest_route=\/wp\/v2\/pages"}],"about":[{"href":"https:\/\/tonrayondesoleil.com\/index.php?rest_route=\/wp\/v2\/types\/page"}],"author":[{"embeddable":true,"href":"https:\/\/tonrayondesoleil.com\/index.php?rest_route=\/wp\/v2\/users\/1"}],"replies":[{"embeddable":true,"href":"https:\/\/tonrayondesoleil.com\/index.php?rest_route=%2Fwp%2Fv2%2Fcomments&post=378"}],"version-history":[{"count":3,"href":"https:\/\/tonrayondesoleil.com\/index.php?rest_route=\/wp\/v2\/pages\/378\/revisions"}],"predecessor-version":[{"id":486,"href":"https:\/\/tonrayondesoleil.com\/index.php?rest_route=\/wp\/v2\/pages\/378\/revisions\/486"}],"up":[{"embeddable":true,"href":"https:\/\/tonrayondesoleil.com\/index.php?rest_route=\/wp\/v2\/pages\/77"}],"wp:attachment":[{"href":"https:\/\/tonrayondesoleil.com\/index.php?rest_route=%2Fwp%2Fv2%2Fmedia&parent=378"}],"curies":[{"name":"wp","href":"https:\/\/api.w.org\/{rel}","templated":true}]}}